posite number?
True
Is 209887 prime?
True
Is 2209 a composite number?
True
Is 228281 composite?
False
Is 25735 a composite number?
True
Is 57251 a composite number?
False
Is 26797 a composite number?
True
Is 5603 prime?
False
Is 394919 a prime number?
False
Is 11243 a composite number?
False
Is 4561 prime?
True
Is 52433 prime?
True
Is 3291 a composite number?
True
Is 631 a prime number?
True
Is 583591 prime?
False
Is 18017 composite?
True
Is 5039 a prime number?
True
Is 8465 prime?
False
Is 2019373 a composite number?
True
Is 655967 a prime number?
False
Is 840149 composite?
False
Is 1387667 composite?
False
Is 172279 composite?
False
Is 19841 prime?
True
Is 473657 prime?
False
Is 12227 a composite number?
False
Is 1067 prime?
False
Is 5639 a composite number?
False
Is 323759 composite?
False
Is 51767 a composite number?
False
Is 219209 a composite number?
True
Is 4691 composite?
False
Is 186077 a prime number?
False
Is 69491 a prime number?
True
Is 907237 a composite number?
False
Is 471641 a composite number?
False
Is 2957495 prime?
False
Is 8791 a prime number?
False
Is 27361 a prime number?
True
Is 17539 a prime number?
True
Is 89363 prime?
True
Is 10351 composite?
True
Is 49301 a composite number?
True
Is 462013 a prime number?
True
Is 38105 a prime number?
False
Is 473009 prime?
True
Is 75151 a prime number?
False
Is 227849 prime?
True
Is 761414 composite?
True
Is 1618 a composite number?
True
Is 49 a prime number?
False
Is 43003 a prime number?
True
Is 896101 a prime number?
True
Is 1856047 composite?
True
Is 1059 a composite number?
True
Is 5963 a prime number?
False
Is 222269 prime?
True
Is 18607 composite?
True
Is 250663 a prime number?
False
Is 9407 a composite number?
True
Is 39 a prime number?
False
Is 1059553 composite?
True
Is 108163 a prime number?
False
Is 21647 composite?
False
Is 4751 composite?
False
Is 10637 a prime number?
False
Is 16507 a prime number?
False
Is 12057 a prime number?
False
Is 348827 composite?
False
Is 171439 a prime number?
True
Is 415447 a composite number?
False
Is 13943 prime?
False
Is 209593 a composite number?
True
Is 1835051 prime?
True
Is 105379 a prime number?
True
Is 20153 a prime number?
False
Is 5609 a composite number?
True
Is 482563 a composite number?
True
Is 310771 composite?
False
Is 1017277 a composite number?
False
Is 492341 composite?
True
Is 872211 prime?
False
Is 154201 a composite number?
True
Is 343193 a composite number?
False
Is 57457 composite?
False
Is 71119 composite?
False
Is 138959 composite?
False
Is 256829 prime?
False
Is 1508993 a composite number?
False
Is 25999 composite?
False
Is 117353 a prime number?
True
Is 697 prime?
False
Is 5807 prime?
True
Is 497 composite?
True
Is 95857 prime?
True
Is 1823 composite?
False
Is 417881 a prime number?
True
Is 137771 composite?
False
Is 280321 a composite number?
False
Is 419041 prime?
False
Is 58467 prime?
False
Is 683 a composite number?
False
Is 13315 composite?
True
Is 14109 composite?
True
Is 11969 prime?
True
Is 244949 prime?
False
Is 122063 composite?
True
Is 3683 composite?
True
Is 121477 a prime number?
False
Is 16729 a prime number?
True
Is 979189 a composite number?
False
Is 53 a composite number?
False
Is 51403 composite?
True
Is 21415 prime?
False
Is 343303 a prime number?
True
Is 52655 a composite number?
True
Is 91621 prime?
True
Is 19351 a prime number?
False
Is 3527 composite?
False
Is 4535 prime?
False
Is 85793 a prime number?
True
Is 485603 a prime number?
True
Is 20201 composite?
False
Is 37951 prime?
True
Is 21557 composite?
False
Is 316671 composite?
True
Is 105137 a prime number?
True
Is 132539 a prime number?
False
Is 26339 prime?
True
Is 3500005 prime?
False
Is 626143 composite?
True
Is 150287 prime?
True
Is 31 a prime number?
True
Is 31379 prime?
True
Is 1603291 prime?
True
Is 163 prime?
True
Is 76733 a composite number?
False
Is 38767 a composite number?
False
Is 394039 a composite number?
False
Is 649613 prime?
True
Is 13751 a prime number?
True
Is 11179 prime?
False
Is 4957 composite?
False
Is 381773 prime?
False
Is 7283 composite?
False
Is 2909 prime?
True
Is 345041 a prime number?
True
Is 4724529 prime?
False
Is 2951 composite?
True
Is 22613 a prime number?
True
Is 1601 composite?
False
Is 35151 a prime number?
False
Is 32863 a prime number?
False
Is 511433 a composite number?
True
Is 7789 a composite number?
False
Is 13714 a composite number?
True
Is 33119 prime?
True
Is 11699 a prime number?
True
Is 157359 a prime number?
False
Is 800323 a prime number?
False
Is 10427 composite?
False
Is 1218617 a composite number?
False
Is 167599 prime?
False
Is 142319 composite?
False
Is 2933 a composite number?
True
Is 212237 a prime number?
False
Is 264949 prime?
True
Is 60719 a prime number?
True
Is 73198 a prime number?
False
Is 496061 a prime number?
False
Is 38899 a composite number?
True
Is 260317 prime?
True
Is 13123 prime?
False
Is 142685 a prime number?
False
Is 105863 composite?
False
Is 77641 composite?
False
Is 1418 a prime number?
False
Is 18727 a composite number?
True
Is 435703 prime?
False
Is 9053 a prime number?
False
Is 2813 prime?
False
Is 51959 a composite number?
True
Is 95605 prime?
False
Is 353389 a composite number?
False
Is 31399 prime?
False
Is 461819 a prime number?
True
Is 7895 a composite number?
True
Is 33851 composite?
False
Is 216173 a prime number?
True
Is 34753 a prime number?
False
Is 121081 prime?
True
Is 124051 a composite number?
True
Is 44617 prime?
True
Is 906107 prime?
True
Is 659809 a composite number?
True
Is 6982 a prime number?
False
Is 62417 a prime number?
True
Is 141793 prime?
True
Is 309467 a prime number?
False
Is 11263 a prime number?
False
Is 254578 prime?
False
Is 362591 composite?
True
Is 150191 prime?
False
Is 1337 composite?
True
Is 14437 a prime number?
True
Is 71377 composite?
True
Is 17837 a prime number?
True
Is 18439 prime?
True
Is 3221 composite?
False
Is 59273 a prime number?
True
Is 9181 prime?
True
Is 6977 a prime number?
True
Is 57127 composite?
True
Is 716383 composite?
False
Is 651331 prime?
True
Is 12227 prime?
True
Is 42641 a prime number?
True
Is 175487 prime?
False
Is 4241 a composite number?
False
Is 18539 a prime number?
True
Is 30757 a prime number?
True
Is 30386 prime?
False
Is 31991 a prime number?
True
Is 29261 prime?
False
Is 3147 a prime number?
False
Is 139537 composite?
False
Is 8513 composite?
False
Is 2129 prime?
True
Is 991901 composite?
False
Is 52361 prime?
True
Is 2977071 prime?
False
Is 115873 a composite number?
False
Is 3358963 prime?
True
Is 334963 composite?
False
Is 25157 prime?
False
Is 4721 composite?
False
Is 5227 a composite number?
False
Is 3449 composite?
False
Is 648111 a composite number?
True
Is 186551 a prime number?
True
Is 18263 a composite number?
True
Is 395189 composite?
False
Is 1118267 a composite number?
False
Is 197507 a composite number?
False
Is 2053 composite?
False
Is 20707 a prime number?
True
Is 85389 a composite number?
True
Is 164701 composite?
False
Is 1574 prime?
False
Is 215891 a composite number?
True
Is 4399 a composite number?
True
Is 3143051 a prime number?
True
Is 50791 a prime number?
False
Is 103949 composite?
True
Is 14005 a composite number?
True
Is 196333 a prime number?
False
Is 6031 composite?
True
Is 228729 a composite number?
True
Is 5261 a prime number?
True
Is 8999 composite?
False
Is 9893 a composite number?
True
Is 45631 a prime number?
True
Is 209543 a prime number?
True
Is 28699 a prime number?
False
Is 81274 a composite number?
True
Is 1442251 a composite number?
False
Is 294659 a prime number?
True
Is 49001 composite?
True
Is 544283 a composite number?
True
Is 8039 composite?
False
Is 201 prime?
False
Is 134153 a composite number?
False
Is 7669 composite?
False
Is 170881 a composite number?
False
Is 49703 composite?
True
Is 266561 composite?
True
Is 248389 composite?
False
Is 51229 a composite number?
False
Is 224489 composite?
True
Is 610171 a composite number?
True
Is 60821 a composite number?
False
Is 10133 a composite number?
False
Is 12619 a composite number?
False
Is 1811 a prime number?
True
Is 5381 prime?
True
Is 2188817 prime?
False
Is 1829119 a prime number?
True
Is 24749 a prime number?
True
Is 4267 prime?
False
Is 94229 a composite number?
False
Is 4972